s digit of 18026030?
8
What is the hundred thousands digit of 5084158?
0
What is the tens digit of 21529647?
4
What is the units digit of 13433?
3
What is the millions digit of 2689481?
2
What is the millions digit of 4167519?
4
What is the thousands digit of 1488181?
8
What is the hundred thousands digit of 4229352?
2
What is the hundred thousands digit of 4066069?
0
What is the ten thousands digit of 177756?
7
What is the thousands digit of 294787?
4
What is the ten millions digit of 19187493?
1
What is the hundreds digit of 109451?
4
What is the hundreds digit of 2455267?
2
What is the hundreds digit of 6913143?
1
What is the units digit of 1647962?
2
What is the hundreds digit of 579209?
2
What is the thousands digit of 128910?
8
What is the tens digit of 1650755?
5
What is the tens digit of 3746?
4
What is the thousands digit of 1495327?
5
What is the units digit of 297450?
0
What is the hundred thousands digit of 18549545?
5
What is the hundreds digit of 1955147?
1
What is the thousands digit of 9519541?
9
What is the tens digit of 1891722?
2
What is the thousands digit of 229498?
9
What is the units digit of 2679153?
3
What is the hundreds digit of 144026?
0
What is the millions digit of 2333915?
2
What is the tens digit of 438468?
6
What is the hundreds digit of 4494741?
7
What is the ten thousands digit of 1491009?
9
What is the ten thousands digit of 531563?
3
What is the ten thousands digit of 604403?
0
What is the hundreds digit of 21514171?
1
What is the hundreds digit of 385185?
1
What is the thousands digit of 45949?
5
What is the units digit of 63744?
4
What is the millions digit of 2275763?
2
What is the tens digit of 5536154?
5
What is the ten thousands digit of 9892114?
9
What is the ten thousands digit of 1503418?
0
What is the tens digit of 627070?
7
What is the hundreds digit of 20691986?
9
What is the hundred thousands digit of 937121?
9
What is the tens digit of 12803068?
6
What is the ten thousands digit of 798113?
9
What is the thousands digit of 10508785?
8
What is the thousands digit of 374047?
4
What is the units digit of 559307?
7
What is the millions digit of 17957636?
7
What is the hundreds digit of 1035594?
5
What is the units digit of 87113?
3
What is the thousands digit of 199564?
9
What is the ten thousands digit of 159216?
5
What is the tens digit of 18879?
7
What is the units digit of 1575244?
4
What is the tens digit of 21582274?
7
What is the units digit of 6229751?
1
What is the thousands digit of 7902509?
2
What is the hundred thousands digit of 4563176?
5
What is the millions digit of 2205167?
2
What is the hundreds digit of 4481594?
5
What is the hundred thousands digit of 331687?
3
What is the hundred thousands digit of 1243271?
2
What is the units digit of 329416?
6
What is the units digit of 3452527?
7
What is the hundred thousands digit of 3569279?
5
What is the hundreds digit of 79660?
6
What is the tens digit of 95578?
7
What is the millions digit of 2332871?
2
What is the thousands digit of 837187?
7
What is the tens digit of 660298?
9
What is the thousands digit of 119398?
9
What is the ten thousands digit of 2447199?
4
What is the units digit of 390737?
7
What is the hundreds digit of 93983?
9
What is the hundreds digit of 947650?
6
What is the units digit of 30418?
8
What is the ten thousands digit of 7493727?
9
What is the hundred thousands digit of 4114475?
1
What is the hundreds digit of 2854036?
0
What is the tens digit of 8708896?
9
What is the millions digit of 11026471?
1
What is the units digit of 8918333?
3
What is the tens digit of 13931783?
8
What is the hundred thousands digit of 1259869?
2
What is the ten thousands digit of 737085?
3
What is the thousands digit of 277069?
7
What is the hundreds digit of 1513555?
5
What is the tens digit of 1837345?
4
What is the hundreds digit of 3022292?
2
What is the tens digit of 337143?
4
What is the hundred thousands digit of 204555?
2
What is the hundreds digit of 1446861?
8
What is the ten thousands digit of 352333?
5
What is the hundred thousands digit of 2969150?
9
What is the thousands digit of 350926?
0
What is the millions digit of 2426956?
2
What is the thousands digit of 2027968?
7
What is the hundred thousands digit of 21944994?
9
What is the tens digit of 15142740?
4
What is the ten thousands digit of 3341103?
4
What is the hundreds digit of 980271?
2
What is the tens digit of 932382?
8
What is the millions digit of 10394689?
0
What is the tens digit of 3403?
0
What is the units digit of 29587145?
5
What is the tens digit of 18647283?
8
What is the units digit of 10465956?
6
What is the units digit of 2235828?
8
What is the units digit of 324587?
7
What is the hundred thousands digit of 1405016?
4
What is the thousands digit of 377747?
7
What is the tens digit of 75247?
4
What is the millions digit of 1719702?
1
What is the millions digit of 1660780?
1
What is the ten thousands digit of 2421251?
2
What is the units digit of 1478581?
1
What is the thousands digit of 156588?
6
What is the hundreds digit of 2322192?
1
What is the units digit of 2024710?
0
What is the thousands digit of 187598?
7
What is the hundreds digit of 10135226?
2
What is the hundreds digit of 782592?
5
What is the tens digit of 2051389?
8
What is the tens digit of 5244755?
5
What is the units digit of 11410873?
3
What is the hundred thousands digit of 20231271?
2
What is the hundred thousands digit of 4262776?
2
What is the millions digit of 3045922?
3
What is the tens digit of 652154?
5
What is the units digit of 23291?
1
What is the millions digit of 31849681?
1
What is the thousands digit of 4163576?
3
What is the hundreds digit of 639368?
3
What is the millions digit of 6418024?
6
What is the units digit of 106025?
5
What is the thousands digit of 133704?
3
What is the ten thousands digit of 203765?
0
What is the thousands digit of 191448?
1
What is the thousands digit of 421415?
1
What is the units digit of 199862?
2
What is the thousands digit of 14468047?
8
What is the thousands digit of 254241?
4
What is the thousands digit of 966272?
6
What is the ten thousands digit of 22041961?
4
What is the ten thousands digit of 108784?
0
What is the hundreds digit of 123787?
7
What is the millions digit of 15697956?
5
What is the hundreds digit of 71056?
0
What is the thousands digit of 55166?
5
What is the tens digit of 54503?
0
What is the hundreds digit of 315088?
0
What is the tens digit of 112307?
0
What is the units digit of 961175?
5
What is the units digit of 18247553?
3
What is the hundred thousands digit of 241457?
2
What is the ten thousands digit of 469360?
6
What is the hundreds digit of 1971361?
3
What is the hundred thousands digit of 1532785?
5
What is the tens digit of 6010421?
2
What is the thousands digit of 2321442?
1
What is the ten thousands digit of 24826840?
2
What is the thousands digit of 21111?
1
What is the tens digit of 21913676?
7
What is the millions digit of 4216202?
4
What is the hundreds digit of 1085007?
0
What is the ten thousands digit of 20339?
2
What is the tens digit of 1315748?
4
What is the hundreds digit of 774861?
8
What is the thousands digit of 2033711?
3
What is the millions digit of 32385087?
2
What is the tens digit of 1694879?
7
What is the hundreds digit of 5575822?
8
What is the tens digit of 4007992?
9
What is the hundred thousands digit of 741205?
7
What is the millions digit of 1978857?
1
What is the ten thousands digit of 3714022?
1
What is the thousands digit of 14252406?
2
What is the units digit of 752011?
1
What is the hundred thousands digit of 3010147?
0
What is the hundreds digit of 326035?
0
What is the hundreds digit of 34806?
8
What is the hundreds digit of 37769?
7
What is the thousands digit of 72162?
2
What is the ten thousands digit of 4867708?
6
What is the tens digit of 1435466?
6
What is the hundreds digit of 49233?
2
What is the ten thousands digit of 4063831?
6
What is the hundred thousands digit of 1163044?
1
What is the ten thousands digit of 194697?
9
What is the thousands digit of 8683341?
3
What is the units digit of 162269?
9
What is the millions digit of 5425768?
5
What is the hundred thousands digit of 187003?
1
What is the units digit of 26723881?
1
What is the tens digit o